567793 is divided by 124.
121
Calculate the remainder when 268466 is divided by 41.
39
Calculate the remainder when 1288 is divided by 638.
12
What is the remainder when 12318 is divided by 2445?
93
Calculate the remainder when 6590 is divided by 1750.
1340
What is the remainder when 37034 is divided by 290?
204
What is the remainder when 241 is divided by 217?
24
What is the remainder when 9429 is divided by 9344?
85
What is the remainder when 7074 is divided by 135?
54
What is the remainder when 1850 is divided by 822?
206
Calculate the remainder when 510682 is divided by 35.
32
What is the remainder when 2319 is divided by 235?
204
Calculate the remainder when 31338 is divided by 895.
13
Calculate the remainder when 56377 is divided by 306.
73
Calculate the remainder when 87677 is divided by 128.
125
What is the remainder when 282645 is divided by 38?
1
Calculate the remainder when 446097 is divided by 339.
312
Calculate the remainder when 21285 is divided by 534.
459
What is the remainder when 11923 is divided by 260?
223
Calculate the remainder when 2303 is divided by 674.
281
Calculate the remainder when 132510 is divided by 20.
10
What is the remainder when 77432 is divided by 249?
242
What is the remainder when 8662 is divided by 38?
36
What is the remainder when 6334 is divided by 4?
2
Calculate the remainder when 8359589 is divided by 201.
200
What is the remainder when 25186 is divided by 1682?
1638
What is the remainder when 2114 is divided by 582?
368
What is the remainder when 1591 is divided by 207?
142
What is the remainder when 24943 is divided by 84?
79
Calculate the remainder when 1732 is divided by 386.
188
What is the remainder when 250 is divided by 117?
16
Calculate the remainder when 6734 is divided by 178.
148
What is the remainder when 38068 is divided by 33?
19
Calculate the remainder when 1104535 is divided by 41.
36
Calculate the remainder when 63222 is divided by 45.
42
What is the remainder when 368289 is divided by 37?
28
What is the remainder when 33057 is divided by 192?
33
What is the remainder when 1641 is divided by 171?
102
What is the remainder when 23145 is divided by 515?
485
Calculate the remainder when 251 is divided by 43.
36
What is the remainder when 7380 is divided by 47?
1
Calculate the remainder when 501366 is divided by 583.
569
Calculate the remainder when 8605 is divided by 4188.
229
Calculate the remainder when 24383 is divided by 127.
126
What is the remainder when 35626 is divided by 1413?
301
Calculate the remainder when 6640 is divided by 221.
10
Calculate the remainder when 328875 is divided by 164425.
25
What is the remainder when 73765 is divided by 154?
153
Calculate the remainder when 23286 is divided by 160.
86
What is the remainder when 30167 is divided by 76?
71
What is the remainder when 2728 is divided by 163?
120
What is the remainder when 45276 is divided by 88?
44
What is the remainder when 6070 is divided by 105?
85
What is the remainder when 10775 is divided by 889?
107
Calculate the remainder when 1202 is divided by 13.
6
Calculate the remainder when 3227 is divided by 803.
15
What is the remainder when 5015 is divided by 93?
86
What is the remainder when 19295 is divided by 9644?
7
Calculate the remainder when 2663 is divided by 26.
11
Calculate the remainder when 43575 is divided by 99.
15
What is the remainder when 540144 is divided by 251?
243
Calculate the remainder when 85364 is divided by 1399.
25
What is the remainder when 234153 is divided by 441?
423
What is the remainder when 6519 is divided by 825?
744
Calculate the remainder when 475593 is divided by 1127.
1126
What is the remainder when 15123978 is divided by 20?
18
Calculate the remainder when 42153 is divided by 1279.
1225
Calculate the remainder when 560348 is divided by 208.
204
Calculate the remainder when 585595 is divided by 22.
21
What is the remainder when 101 is divided by 24?
5
Calculate the remainder when 6162 is divided by 2015.
117
What is the remainder when 314 is divided by 63?
62
What is the remainder when 473610 is divided by 398?
388
Calculate the remainder when 103017 is divided by 51337.
343
What is the remainder when 11239 is divided by 32?
7
What is the remainder when 878679 is divided by 7?
4
What is the remainder when 2172 is divided by 695?
87
What is the remainder when 16289 is divided by 627?
614
Calculate the remainder when 17079 is divided by 415.
64
Calculate the remainder when 818486 is divided by 199.
198
Calculate the remainder when 6356 is divided by 198.
20
Calculate the remainder when 315678 is divided by 32.
30
Calculate the remainder when 19856 is divided by 67.
24
Calculate the remainder when 170096 is divided by 34.
28
What is the remainder when 2963541 is divided by 536?
533
What is the remainder when 15558 is divided by 17?
3
Calculate the remainder when 5322 is divided by 1318.
50
Calculate the remainder when 362364 is divided by 76.
72
Calculate the remainder when 135836 is divided by 45139.
419
Calculate the remainder when 1475109 is divided by 491697.
18
What is the remainder when 1373 is divided by 1358?
15
What is the remainder when 1589 is divided by 27?
23
What is the remainder when 31074 is divided by 1827?
15
What is the remainder when 91958 is divided by 535?
473
What is the remainder when 186158 is divided by 46?
42
Calculate the remainder when 3728 is divided by 41.
38
What is the remainder when 28833 is divided by 3198?
51
Calculate the remainder when 1374185 is divided by 33.
32
What is the remainder when 980062 is divided by 187?
182
What is the remainder when 4729 is divided by 972?
841
What is the remainder when 63295 is divided by 30?
25
Calculate the remainder when 49349 is divided by 47.
46
Calculate the remainder when 2073 is divided by 75.
48
Calculate the remainder when 2948 is divided by 444.
284
What is the remainder when 86745 is divided by 8?
1
What is the remainder when 2274 is divided by 361?
108
Calculate the remainder when 2155 is divided by 428.
15
What is the remainder when 1011 is divided by 178?
121
Calculate the remainder when 91391 is divided by 60.
11
Calculate the remainder when 8114 is divided by 729.
95
What is the remainder when 14958 is divided by 42?
6
Calculate the remainder when 4684 is divided by 558.
220
Calculate the remainder when 20826 is divided by 33.
3
What is the remainder when 22824 is divided by 7491?
351
Calculate the remainder when 86311 is divided by 206.
203
Calculate the remainder when 4046 is divided by 1239.
329
Calculate the remainder when 3472 is divided by 468.
196
What is the remainder when 10686 is divided by 114?
84
Calculate the remainder when 3608 is divided by 614.
538
What is the remainder when 1670 is divided by 168?
158
Calculate the remainder when 126955 is divided by 481.
452
Calculate the remainder when 4046 is divided by 786.
116
What is the remainder when 217 is divided by 3?
1
What is the remainder when 4220 is divided by 94?
84
Calculate the remainder when 28831 is divided by 272.
271
What is the remainder when 324 is divided by 310?
14
What is the remainder when 138151 is divided by 684?
667
What is the remainder when 10857 is divided by 3586?
99
Calculate the remainder when 52134 is divided by 246.
228
Calculate the remainder when 6545 is divided by 763.
441
Calculate the remainder when 697917 is divided by 1253.
1249
What is the remainder when 131401 is divided by 266?
263
What is the remainder when 5637 is divided by 678?
213
What is the remainder when 15815 is divided by 1317?
11
Calculate the remainder when 86975 is divided by 7246.
23
What is the remainder when 7869 is divided by 49?
29
Calculate the remainder when 3090070 is divided by 1294.
1292
What is the remainder when 251114 is divided by 134?
132
Calculate the remainder when 983 is divided by 64.
23
What is the remainder when 473430 is divided by 92?
90
What is the remainder when 460118 is divided by 153372?
2
Calculate the remainder when 4176 is divided by 2.
0
Calculate the remainder when 27589 is divided by 43.
26
Calculate the remainder when 3226768 is divided by 85.
83
What is the remainder when 221613 is divided by 235?
8
Calculate the remainder when 724 is divided by 79.
13
What is the remainder when 901992 